 5*a(m) + 14*q(m). List the prime factors of b(z).
5, 7
Let i = 158 - 144. Suppose 0 = i*a - 1701 - 1631. What are the prime factors of a?
2, 7, 17
Let t = 86584 + -55415. What are the prime factors of t?
71, 439
Suppose 21*h - 13*h = 584. Let t = 264 - h. List the prime factors of t - ((-9)/(-6) - 15/(-6)).
11, 17
Suppose 0 = 46*x - 22733 - 59331. What are the prime factors of x?
2, 223
Let p(s) = 22*s**2 - 11*s + 12. Let k(z) = 2*z**2 + 28*z - 5. Let r be k(-14). List the prime factors of p(r).
617
List the prime factors of (28/3)/((-3)/33 - 4046/(-41118)).
2, 7, 89
Suppose 3577 = 3*o + 250. Suppose -2*d + o + 359 = 0. What are the prime factors of d?
2, 367
Let m be 30/9 + 4/6 + -10. Suppose 4*h - 3 = 5. List the prime factors of (m/(-2))/(-5*h/(-210)).
3, 7
Suppose -2*o + 72 = 3*s - 4*o, -3*s + 3*o = -75. Let q = s + -16. What are the prime factors of q/(-4)*(4296/18)/(-2)?
179
Let y(p) = -p**3 + 15*p**2 + 10*p + 44. Let l be y(16). What are the prime factors of (13/l*8)/((-4)/102)?
3, 17
Let p = -244 - 124. Let x = -132 - p. Let h = x - 118. What are the prime factors of h?
2, 59
Let m = 11330 - 9831. List the prime factors of m.
1499
Let t = 12151 + 6289. What are the prime factors of t?
2, 5, 461
Let b = -12 + 15. Suppose 42 = b*z + p - 4*p, -z + 14 = -4*p. Suppose -5*f - z = -89. List the prime factors of f.
3, 5
Suppose a - 5*g + 6684 - 18918 = 0, a - g - 12218 = 0. List the prime factors of a.
2, 31, 197
Let y(b) = -b**3 - 9*b**2 - 12*b - 26. Let r be y(-8). Suppose -r = 2*z, 5*w - 5*z - 1902 = -z. What are the prime factors of w?
2, 3, 7
Let l(h) = 128*h**2 + h + 25262. What are the prime factors of l(0)?
2, 17, 743
Let j(w) = -w**2 - 28*w - 47. Let p be j(-26). Suppose p*f = 2274 + 4071. What are the prime factors of f?
3, 47
Let w = -63487 + 92461. What are the prime factors of w?
2, 3, 11, 439
Suppose 58721 = 26*q - 41094 - 11829. What are the prime factors of q?
2, 19, 113
Let x(s) = 416*s - 185. List the prime factors of x(15).
5, 7, 173
Suppose -4*s - 3*y + 16646 = -12447, -36380 = -5*s - y. What are the prime factors of s?
19, 383
Suppose 0 = 2*u - 8, 5 = -5*g + u - 5334. Let d = g - -1544. What are the prime factors of d?
3, 53
List the prime factors of 3868 - (28/(-49) - 72/(-28)).
2, 1933
Suppose -7*b - 28 = 42. Let a = -12 - b. Let t(v) = -12*v**3 + v**2 - 2*v. What are the prime factors of t(a)?
2, 13
Let g(n) be the third derivative of -251*n**4/24 + 31*n**3/6 + 62*n**2. What are the prime factors of g(-5)?
2, 643
Suppose -c - 3*x + 74 = 0, 3*c - 134 = 5*x + 116. Let r be (c/(-36) + 6/27)*1. List the prime factors of (-5100)/(-96) + r/16.
53
Suppose 3*m + 4*r = -11, -14*m - 14 = -10*m + 5*r. What are the prime factors of (-4)/26 + m + 23952/39?
613
Let t be (-12 + (-4 - -2))/(-2). Suppose 17*f = t*f + 2970. List the prime factors of f.
3, 11
Suppose -22*b + 23*b + 13385 = 3*l, 3*l - 13355 = -5*b. What are the prime factors of l?
2, 5, 223
Let v(x) = 399*x + 2441. List the prime factors of v(4).
11, 367
Let a(h) = -h**2 + 2*h + 155. Let q be a(0). Suppose -3*m + q = -5*b, 2*m + 3*m - 305 = -b. List the prime factors of m.
2, 3, 5
Let z(j) = -2*j - 9. Let h be z(-6). Suppose 0*g + g = -2*y - 86, 215 = -5*y - h*g. List the prime factors of 0 + y/(-1) - 0/(-1).
43
Suppose -5*w + 3*v + 32979 = 0, -32*w - v = -35*w + 19789. What are the prime factors of w?
3, 733
Let b = 688 - 686. Suppose -2354 = b*t - 7*t + 2*h, -938 = -2*t - h. What are the prime factors of t?
2, 5, 47
Suppose 4*m = 3*n + 93874 - 2523, -3*m = n - 68510. What are the prime factors of m?
41, 557
Let p = 189 - 163. List the prime factors of 2*((-4)/p - 552/(-39)).
2, 7
Let c = 18019 + -11647. List the prime factors of c.
2, 3, 59
Let f(n) = -2*n - 27. Let d be f(-12). Let b be -3 - ((d - 0) + 2 - -2). List the prime factors of (-767)/(-9) - (152/36 + b).
5, 17
Suppose 39*o - 103544 = -3509. List the prime factors of o.
3, 5, 19
Suppose -v - 2*q + 1 + 1 = 0, v - 5*q - 9 = 0. Suppose 0 = -3*d - 3*p + 3, -2*p + p - v = 0. Suppose 0 = -d*u + 100 + 65. List the prime factors of u.
3, 11
Suppose 137*g - 128*g + 54 = 0. Let m(p) = -29*p - 89. Let c(h) = -57*h - 179. Let w(q) = -3*c(q) + 7*m(q). List the prime factors of w(g).
2, 53
Let a be -2 - 3*(-2)/6. Let z be 1 + -2 + 60 + a. Suppose -48 = -2*r + z. List the prime factors of r.
53
Suppose -j + l = -2*j - 581, -j - 5*l - 565 = 0. Let t = 539 - j. What are the prime factors of t?
2, 281
Suppose -17*y + 30 = -22*y. Let z(u) = -53*u + 37. Let q be z(y). List the prime factors of ((-1)/5)/((-1)/q).
71
Let y = 951 - 484. Suppose -2*b + 5*t + 193 = 0, 3*b + 3*t = y - 125. Let g = -48 + b. List the prime factors of g.
61
Let b(p) = -2*p**3 + 14*p**2 - 11*p - 4. Let l be b(6). Suppose -685 = -s + x, l = -x - 1. List the prime factors of s.
2, 11, 31
Suppose -12*y + 10 = 10. Let b(j) = j**3 + 2*j**2 + j + 101. List the prime factors of b(y).
101
Let l = 2598 - -5744. List the prime factors of l.
2, 43, 97
Suppose -3*u - 2 = -4*r - 0*u, u = r. Suppose -r*p = 4*g - 0*g, -p + 4*g = -6. What are the prime factors of (-86)/3*(-3)/p?
43
What are the prime factors of (334 + -202)*(-229)/(-4)?
3, 11, 229
Let b(q) = -2*q**3 + 23*q**2 + 12*q - 8. Let v be b(12). Let o(i) = 12*i**2 + 4*i + 50. What are the prime factors of o(v)?
2, 3, 131
Let p = 4637 - 4605. Suppose 5*g = 4 + 6. Suppose 92 + p = g*t. List the prime factors of t.
2, 31
Suppose -o + 6955 = -2*x, 3*o - 14901 = 3*x + 5970. List the prime factors of o.
6959
Let o(i) = -i**3 + 25*i**2 - 7*i - 168. What are the prime factors of o(20)?
2, 3, 47
Let q(h) = -29*h - 529. Let m be q(-45). Let x = m + -247. List the prime factors of x.
23
Let o(d) be the first derivative of d**4/4 - 2*d**3 + 2*d**2 - 5*d + 10. Let y be o(6). Suppose -y*p = -24*p + 615. What are the prime factors of p?
3, 41
Let y(q) = -2*q**3 - 2*q + 16. Let z be y(-9). Suppose -z = -6*t + 2216. List the prime factors of t.
2, 3, 103
Let m = 49 + -57. What are the prime factors of (-98048)/(-88) + m + (-4)/22?
2, 7, 79
Let x = 64 + -63. Suppose 2*t = p - t + 349, 0 = t + x. What are the prime factors of 2/(-7) + p/(-7)?
2, 5
Suppose 102*b = 380*b - 6169932. What are the prime factors of b?
2, 3, 137
Let c = -6453 + 6669. What are the prime factors of c?
2, 3
Let z be (-29)/87 - (-16)/3. Suppose z*s - 2*a = 1358, 5*a + 830 = -0*s + 3*s. List the prime factors of s.
2, 3, 5
Let j be 34/(-170) - 11/(-5). Suppose 2*b = c - 409, c - 2*b = j*b + 415. List the prime factors of c.
13, 31
Let u(b) = -15*b**3 - 12*b**2 + 7*b + 15. What are the prime factors of u(-10)?
5, 2749
Suppose -3*o - 1432 - 77 = 0. Let k(j) = 4*j**3 + 8*j**2 - 6*j - 45. Let p be k(-5). Let n = p - o. List the prime factors of n.
2, 47
Let d = 6460 + -3095. List the prime factors of d.
5, 673
Suppose -505*l = -550*l + 840915. What are the prime factors of l?
3, 6229
Let p be ((-90)/120)/(6/(-32)) + 9493. Suppose 9*t + 2639 = p. List the prime factors of t.
2, 3, 127
Let q(j) = 11*j**2 - 34*j - 26. What are the prime factors of q(-20)?
2, 7, 19
Let g(v) = -v**3 - 4*v**2 - 4*v + 20. Let q be g(-10). What are the prime factors of -31998*(-10)/q + (-4)/(-22)?
5, 97
Let x be -35*(3 + 57/(-15)). Let o be 7/(x/(-8))*-14. Suppose 0 = g - 45 - o. List the prime factors of g.
73
Let l = -84 - 117. Let j = 301 + l. List the prime factors of (-20)/j*905*-1.
181
Let g be (4/(-6))/(46/(-345)). Suppose -160 = -5*y - g*y. What are the prime factors of 1/((-1149)/(-287) - y/4)?
7, 41
Suppose -121 = -3*s + 113. Suppose -u = 2028 - 1979. Let l = s + u. List the prime factors of l.
29
Let d = -167 - 210. Let w = 1095 + d. List the prime factors of w.
2, 359
Suppose -4*x - 4 + 8 = 0. Let u(a) = 72*a + 10. Let j(i) = 1. Let o(w) = x*u(w) - 3*j(w). List the prime factors of o(1).
79
Let i be 1/((-22)/33) + 10/(-4). What are the prime factors of (22/i)/((-38)/5396)?
11, 71
Let o = 29 - -21. Let x be (168/(-70))/(2/o). List the prime factors of 8/x*-10*27.
2, 3
Suppose 16 = 4*l - 2*l + 4*t, -4 = -2*l + 2*t. Suppose -l*k + 4225 = 1217. What are the prime factors of k?
2, 47
Suppose -264*p + 252*p = -45756. What are the prime factors of p?
3, 31, 41
What are the prime factors of 18590 - (-6 - (-48 + 18))?
2, 9283
Let w be 10004 - -1 - (-565)/113. Suppose -24*c + 20878 